{"id":1332,"date":"2018-07-02T18:53:33","date_gmt":"2018-07-02T21:53:33","guid":{"rendered":"https:\/\/isfd36-bue.infd.edu.ar\/sitio\/correlatividades-diseno-curricular-2\/"},"modified":"2023-02-17T19:38:05","modified_gmt":"2023-02-17T22:38:05","slug":"correlatividades-diseno-curricular-2","status":"publish","type":"page","link":"https:\/\/isfd36-bue.infd.edu.ar\/sitio\/correlatividades-diseno-curricular-2\/","title":{"rendered":"Dise\u00f1o Curricular"},"content":{"rendered":"<h1><span style=\"color: #333399;\">Educaci\u00f3n Superior<\/span><\/h1>\n<h4><a href=\"https:\/\/isfd36-bue.infd.edu.ar\/sitio\/wp-content\/uploads\/2020\/03\/Profesorado_en_Quimica.pdf\">Profesorado de Educaci\u00f3n Secundaria en Qu\u00edmica<\/a> (Plan 1999)<\/h4>\n<h4><a href=\"https:\/\/isfd36-bue.infd.edu.ar\/sitio\/wp-content\/uploads\/2023\/02\/DC-QUIMICA.pdf\">Profesorado de Educaci\u00f3n Secundaria en Qu\u00edmica<\/a> (Nuevo Plan de Estudio &#8211; 2022)<\/h4>\n<h1><span style=\"color: #333399;\">Educaci\u00f3n Secundaria<\/span><\/h1>\n<table>\n<tbody>\n<tr>\n<td width=\"282\">\n<h5><a href=\"https:\/\/isfd36-bue.infd.edu.ar\/sitio\/wp-content\/uploads\/2020\/03\/secundaria_1er-a\u00f1o.pdf\">1er a\u00f1o de Educaci\u00f3n Secundaria<\/a><\/h5>\n<\/td>\n<td width=\"283\">\n<h5><a href=\"https:\/\/isfd36-bue.infd.edu.ar\/sitio\/wp-content\/uploads\/2020\/03\/introd_quimica_4to-a\u00f1o.pdf\">Introducci\u00f3n a la Qu\u00edmica \u2013 4to a\u00f1o<\/a><\/h5>\n<\/td>\n<\/tr>\n<tr>\n<td width=\"282\">\n<h5><a href=\"https:\/\/isfd36-bue.infd.edu.ar\/sitio\/wp-content\/uploads\/2020\/03\/secundaria_2do-a\u00f1o.pdf\">2do a\u00f1o de Educaci\u00f3n Secundaria<\/a><\/h5>\n<\/td>\n<td width=\"283\">\n<h5><a href=\"https:\/\/isfd36-bue.infd.edu.ar\/sitio\/wp-content\/uploads\/2020\/03\/introduccion-a-la-quimica_5to-a\u00f1o.pdf\">Introducci\u00f3n a la Qu\u00edmica &#8211; 5to a\u00f1o<\/a><\/h5>\n<\/td>\n<\/tr>\n<tr>\n<td width=\"282\">\n<h5><a href=\"https:\/\/isfd36-bue.infd.edu.ar\/sitio\/wp-content\/uploads\/2020\/03\/secundaria_3er-a\u00f1o.pdf\">3er a\u00f1o de Educaci\u00f3n Secundaria<\/a><\/h5>\n<\/td>\n<td width=\"283\">\n<h5><a href=\"https:\/\/isfd36-bue.infd.edu.ar\/sitio\/wp-content\/uploads\/2020\/03\/fundamentos_quimica_5to-a\u00f1o.pdf\">Fundamentos de Qu\u00edmica \u2013 5to a\u00f1o<\/a><\/h5>\n<\/td>\n<\/tr>\n<tr>\n<td width=\"282\">\n<h5><\/h5>\n<\/td>\n<td width=\"283\">\n<h5><a href=\"https:\/\/isfd36-bue.infd.edu.ar\/sitio\/wp-content\/uploads\/2020\/03\/quimica-del-carbono_6to-a\u00f1o.pdf\">Qu\u00edmica de Carbono \u2013 6to a\u00f1o<\/a><\/h5>\n<\/td>\n<\/tr>\n<\/tbody>\n<\/table>\n","protected":false},"excerpt":{"rendered":"<p>Educaci\u00f3n Superior Profesorado de Educaci\u00f3n Secundaria en Qu\u00edmica (Plan 1999) Profesorado de Educaci\u00f3n Secundaria en Qu\u00edmica (Nuevo Plan de Estudio &#8211; 2022) Educaci\u00f3n Secundaria 1er a\u00f1o de Educaci\u00f3n Secundaria Introducci\u00f3n a la Qu\u00edmica \u2013 4to a\u00f1o 2do a\u00f1o de Educaci\u00f3n Secundaria Introducci\u00f3n a la Qu\u00edmica &#8211; 5to a\u00f1o 3er a\u00f1o de Educaci\u00f3n Secundaria Fundamentos de &#8230; <a title=\"Dise\u00f1o Curricular\" class=\"read-more\" href=\"https:\/\/isfd36-bue.infd.edu.ar\/sitio\/correlatividades-diseno-curricular-2\/\" aria-label=\"More on Dise\u00f1o Curricular\">[+]<\/a><\/p>\n","protected":false},"author":1461,"featured_media":0,"parent":0,"menu_order":0,"comment_status":"closed","ping_status":"closed","template":"","meta":[],"acf":[],"_links":{"self":[{"href":"https:\/\/isfd36-bue.infd.edu.ar\/sitio\/wp-json\/wp\/v2\/pages\/1332"}],"collection":[{"href":"https:\/\/isfd36-bue.infd.edu.ar\/sitio\/wp-json\/wp\/v2\/pages"}],"about":[{"href":"https:\/\/isfd36-bue.infd.edu.ar\/sitio\/wp-json\/wp\/v2\/types\/page"}],"author":[{"embeddable":true,"href":"https:\/\/isfd36-bue.infd.edu.ar\/sitio\/wp-json\/wp\/v2\/users\/1461"}],"replies":[{"embeddable":true,"href":"https:\/\/isfd36-bue.infd.edu.ar\/sitio\/wp-json\/wp\/v2\/comments?post=1332"}],"version-history":[{"count":5,"href":"https:\/\/isfd36-bue.infd.edu.ar\/sitio\/wp-json\/wp\/v2\/pages\/1332\/revisions"}],"predecessor-version":[{"id":4316,"href":"https:\/\/isfd36-bue.infd.edu.ar\/sitio\/wp-json\/wp\/v2\/pages\/1332\/revisions\/4316"}],"wp:attachment":[{"href":"https:\/\/isfd36-bue.infd.edu.ar\/sitio\/wp-json\/wp\/v2\/media?parent=1332"}],"curies":[{"name":"wp","href":"https:\/\/api.w.org\/{rel}","templated":true}]}}