{"id":1338,"date":"2018-07-02T18:53:35","date_gmt":"2018-07-02T21:53:35","guid":{"rendered":"https:\/\/isfd36-bue.infd.edu.ar\/sitio\/diseno-curricular-3\/"},"modified":"2020-03-28T13:11:25","modified_gmt":"2020-03-28T16:11:25","slug":"diseno-curricular-3","status":"publish","type":"page","link":"https:\/\/isfd36-bue.infd.edu.ar\/sitio\/diseno-curricular-3\/","title":{"rendered":"Dise\u00f1o Curricular"},"content":{"rendered":"<h1><span style=\"color: #333399;\">Educaci\u00f3n Superior<\/span><\/h1>\n<h4><a href=\"https:\/\/isfd36-bue.infd.edu.ar\/sitio\/wp-content\/uploads\/2020\/03\/Dise%C3%B1o-Curricular-Pimaria-Inicial.pdf\">Profesorado de Educaci\u00f3n Primaria<\/a>\u00a0(El dise\u00f1o lo comparte con Educ Inicial)<\/h4>\n<hr \/>\n<h1><span style=\"color: #333399;\">Educaci\u00f3n Primaria<\/span><\/h1>\n<h4><a href=\"https:\/\/isfd36-bue.infd.edu.ar\/sitio\/wp-content\/uploads\/2020\/03\/Dise\u00f1o-Curricular-Nivel-Primario.pdf\">Dise\u00f1o Curricular del Nivel Primario<\/a><\/h4>\n","protected":false},"excerpt":{"rendered":"<p>Educaci\u00f3n Superior Profesorado de Educaci\u00f3n Primaria\u00a0(El dise\u00f1o lo comparte con Educ Inicial) Educaci\u00f3n Primaria Dise\u00f1o Curricular del Nivel Primario<\/p>\n","protected":false},"author":1461,"featured_media":0,"parent":0,"menu_order":0,"comment_status":"closed","ping_status":"closed","template":"","meta":[],"acf":[],"_links":{"self":[{"href":"https:\/\/isfd36-bue.infd.edu.ar\/sitio\/wp-json\/wp\/v2\/pages\/1338"}],"collection":[{"href":"https:\/\/isfd36-bue.infd.edu.ar\/sitio\/wp-json\/wp\/v2\/pages"}],"about":[{"href":"https:\/\/isfd36-bue.infd.edu.ar\/sitio\/wp-json\/wp\/v2\/types\/page"}],"author":[{"embeddable":true,"href":"https:\/\/isfd36-bue.infd.edu.ar\/sitio\/wp-json\/wp\/v2\/users\/1461"}],"replies":[{"embeddable":true,"href":"https:\/\/isfd36-bue.infd.edu.ar\/sitio\/wp-json\/wp\/v2\/comments?post=1338"}],"version-history":[{"count":2,"href":"https:\/\/isfd36-bue.infd.edu.ar\/sitio\/wp-json\/wp\/v2\/pages\/1338\/revisions"}],"predecessor-version":[{"id":2675,"href":"https:\/\/isfd36-bue.infd.edu.ar\/sitio\/wp-json\/wp\/v2\/pages\/1338\/revisions\/2675"}],"wp:attachment":[{"href":"https:\/\/isfd36-bue.infd.edu.ar\/sitio\/wp-json\/wp\/v2\/media?parent=1338"}],"curies":[{"name":"wp","href":"https:\/\/api.w.org\/{rel}","templated":true}]}}

Diseño Curricular

<h1><span style="color: #333399;">Educación Superior</span></h1>
<h4><a href="https://isfd36-bue.infd.edu.ar/sitio/wp-content/uploads/2020/03/Dise%C3%B1o-Curricular-Pimaria-Inicial.pdf">Profesorado de Educación Primaria</a> (El diseño lo comparte con Educ Inicial)</h4>
<hr />
<h1><span style="color: #333399;">Educación Primaria</span></h1>
<h4><a href="https://isfd36-bue.infd.edu.ar/sitio/wp-content/uploads/2020/03/Diseño-Curricular-Nivel-Primario.pdf">Diseño Curricular del Nivel Primario</a></h4>

<p>Educación Superior Profesorado de Educación Primaria (El diseño lo comparte con Educ Inicial) Educación Primaria Diseño Curricular del Nivel Primario</p>
