{"id":1417,"date":"2018-07-02T18:54:05","date_gmt":"2018-07-02T21:54:05","guid":{"rendered":"https:\/\/isfd36-bue.infd.edu.ar\/sitio\/solicitud-de-titulo-analitico\/"},"modified":"2026-04-01T10:45:08","modified_gmt":"2026-04-01T13:45:08","slug":"solicitud-de-titulo-analitico","status":"publish","type":"page","link":"https:\/\/isfd36-bue.infd.edu.ar\/sitio\/solicitud-de-titulo-analitico\/","title":{"rendered":"SOLICITUD DE T\u00cdTULO \/ ANAL\u00cdTICO"},"content":{"rendered":"<p><span style=\"font-size: 18pt;\">Para solicitar el <strong>T\u00cdTULO<\/strong> o el <strong>ANAL\u00cdTICO<\/strong> se deber\u00e1 completar la siguiente planilla, con\u00a0 fotocopia del DNI y fotocopia de Partida de Nacimiento en folio.<\/span><\/p>\n<p><span style=\"font-size: 18pt;\">Presentarse en la Secretar\u00eda del Instituto los d\u00edas mi\u00e9rcoles de 18.00 horas a 20.00 hs (Gelly y Obes N\u00b0 4.950)<\/span><\/p>\n<p><span style=\"font-size: 18pt;\">Secretaria: <strong>Prof. Adriana Wrublensky<\/strong><\/span><\/p>\n<p><span style=\"font-size: 18pt;\">Correo:\u00a0secretaria.isfd36@gmail.com\u00a0<\/span><\/p>\n<p><span style=\"font-size: 18pt;\">Planilla para bajar <em><strong><a title=\"SOLICITUD DE T\u00cdTULO O ANAL\u00cdTICO\" href=\"upload\/SOLICITUD_DE_TITULO.pdf\" target=\"_blank\" rel=\"noopener\">AQUI<\/a><\/strong><\/em><\/span><\/p>\n<h2><span style=\"color: #000000;\">ATENCI\u00d3N<\/span><\/h2>\n<p><span style=\"font-size: 18pt; color: #ff0000;\"><span style=\"color: #000000;\">Solicitamos por favor complete este formulario y env\u00ede la documentaci\u00f3n al correo anteriormente declarado. Seleccione el siguiente enlace para completar el formulario.<\/span><\/span><\/p>\n<h4><span style=\"color: #ff0000;\"><a style=\"color: #ff0000;\" href=\"https:\/\/docs.google.com\/forms\/d\/e\/1FAIpQLSekUGZy7f7PmamMgoU1YoKgH8o5ReXWYxL01-uHwolKB3eAKA\/viewform?usp=sf_link\">Completar Formulario<\/a><\/span><\/h4>\n<p>\u00a0<\/p>\n<h5>Finalizado el tr\u00e1mite, podr\u00e1 realizar el seguimiento correspondiente a trav\u00e9s del siguiente enlace en la p\u00e1gina abc<\/h5>\n<p><a href=\"http:\/\/servicios.abc.gov.ar\/servicios\/buscadores\/estados.de.titulos\/\">Pulse aqu\u00ed<\/a><\/p>\n\n\n<p><\/p>\n","protected":false},"excerpt":{"rendered":"<p>Para solicitar el T\u00cdTULO o el ANAL\u00cdTICO se deber\u00e1 completar la siguiente planilla, con\u00a0 fotocopia del DNI y fotocopia de Partida de Nacimiento en folio. Presentarse en la Secretar\u00eda del Instituto los d\u00edas mi\u00e9rcoles de 18.00 horas a 20.00 hs (Gelly y Obes N\u00b0 4.950) Secretaria: Prof. Adriana Wrublensky Correo:\u00a0secretaria.isfd36@gmail.com\u00a0 Planilla para bajar AQUI ATENCI\u00d3N &#8230; <a title=\"SOLICITUD DE T\u00cdTULO \/ ANAL\u00cdTICO\" class=\"read-more\" href=\"https:\/\/isfd36-bue.infd.edu.ar\/sitio\/solicitud-de-titulo-analitico\/\" aria-label=\"More on SOLICITUD DE T\u00cdTULO \/ ANAL\u00cdTICO\">[+]<\/a><\/p>\n","protected":false},"author":1463,"featured_media":0,"parent":0,"menu_order":0,"comment_status":"closed","ping_status":"closed","template":"","meta":[],"acf":[],"_links":{"self":[{"href":"https:\/\/isfd36-bue.infd.edu.ar\/sitio\/wp-json\/wp\/v2\/pages\/1417"}],"collection":[{"href":"https:\/\/isfd36-bue.infd.edu.ar\/sitio\/wp-json\/wp\/v2\/pages"}],"about":[{"href":"https:\/\/isfd36-bue.infd.edu.ar\/sitio\/wp-json\/wp\/v2\/types\/page"}],"author":[{"embeddable":true,"href":"https:\/\/isfd36-bue.infd.edu.ar\/sitio\/wp-json\/wp\/v2\/users\/1463"}],"replies":[{"embeddable":true,"href":"https:\/\/isfd36-bue.infd.edu.ar\/sitio\/wp-json\/wp\/v2\/comments?post=1417"}],"version-history":[{"count":8,"href":"https:\/\/isfd36-bue.infd.edu.ar\/sitio\/wp-json\/wp\/v2\/pages\/1417\/revisions"}],"predecessor-version":[{"id":6201,"href":"https:\/\/isfd36-bue.infd.edu.ar\/sitio\/wp-json\/wp\/v2\/pages\/1417\/revisions\/6201"}],"wp:attachment":[{"href":"https:\/\/isfd36-bue.infd.edu.ar\/sitio\/wp-json\/wp\/v2\/media?parent=1417"}],"curies":[{"name":"wp","href":"https:\/\/api.w.org\/{rel}","templated":true}]}}