{"id":1419,"date":"2018-07-02T18:54:06","date_gmt":"2018-07-02T21:54:06","guid":{"rendered":"https:\/\/isfd36-bue.infd.edu.ar\/sitio\/fonoaudiologia\/"},"modified":"2021-03-23T15:48:24","modified_gmt":"2021-03-23T18:48:24","slug":"fonoaudiologia","status":"publish","type":"page","link":"https:\/\/isfd36-bue.infd.edu.ar\/sitio\/fonoaudiologia\/","title":{"rendered":"FONOAUDIOLOG\u00cdA"},"content":{"rendered":"<h3><span style=\"color: #0000ff;\">RECUERDEN<\/span><\/h3>\n<h5>Cuando seas citado debes presentar lo siguiente:<\/h5>\n<ol>\n<li>\n<h5><a href=\"https:\/\/isfd36-bue.infd.edu.ar\/sitio\/fonoaudiologia\/upload\/CONSTANCIA_Fono.pdf\">Constancia<\/a>\u00a0 \u00a0 \u00a0 \u00a0 \u00a0 \u00a02.\u00a0<a href=\"https:\/\/isfd36-bue.infd.edu.ar\/sitio\/fonoaudiologia\/upload\/FICHA_FONIATRICA.pdf\">Ficha de Aptitud Fonoaudiol\u00f3gica<\/a><\/h5>\n<\/li>\n<\/ol>\n<h5>El Equipo Fonoaudiol\u00f3gico del\u00a0ISFD N\u00b0 36\u00a0realizar\u00e1 a los alumnos de 1er a\u00f1o la Aptitud fonoaudiol\u00f3gica de acuerdo con la evaluaci\u00f3n de las caracter\u00edsticas\u00a0vocales, respiratorias y elocutivas de los alumnos.<\/h5>\n<h5>\u00a0&#8211; Cada alumno deber\u00e1 presentar la ficha para ser completada por los profesionales.<\/h5>\n<h5>\u00a0&#8211; De acuerdo con los resultados de la evaluaci\u00f3n, el Equipo Fonoaudiol\u00f3gico podr\u00e1 solicitar nuevos estudios ampliatorios o tratamientos de rehabilitaci\u00f3n. En ese caso deber\u00e1n realizar una consulta con su Fonoaudi\u00f3logo de cabecera, para que\u00a0 realice el diagn\u00f3stico y establezca los tiempos necesarios de su tratamiento.<\/h5>\n<h5>\u00a0&#8211; En caso de estar apto se extender\u00e1 una Constancia de Aptitud Fonoaudiol\u00f3gica que ser\u00e1 archivada en el legajo personal del alumno.<\/h5>\n<h5>\u00a0&#8211; El Alumno que debe cursar el Espacio de la PDOC II deber\u00e1 tener cumplimentado este requisito.<\/h5>\n<h5>\u00a0&#8211; Los alumnos ser\u00e1n citados con anterioridad y por orden alfab\u00e9tico. Respetando los plazos para cada Profesorado.<\/h5>\n<h5>\u00a0&#8211; Las inasistencia deben ser justificada por razones de fuerza mayor.<\/h5>\n<h4><span style=\"color: #0000ff;\">Para Dudas y Consultas comunicarse por correo electr\u00f3nico<\/span><\/h4>\n<h3 style=\"text-align: center;\"><strong>fonoaudiologia.isfd36@gmail.com<\/strong><\/h3>\n<div  class=\"lgc-column lgc-grid-parent lgc-grid-50 lgc-tablet-grid-50 lgc-mobile-grid-100 lgc-equal-heights \"><div  class=\"inside-grid-column\"><strong><span style=\"font-size: 16px; color: #0000ff;\">Cuidado de la Voz en tiempos de Pandemia<\/span><\/strong><span style=\"font-size: 16px; color: #0000ff;\"><iframe loading=\"lazy\" src=\"https:\/\/www.youtube.com\/embed\/pzg-yjJ4RPE\" width=\"560\" height=\"315\" frameborder=\"0\" allowfullscreen=\"allowfullscreen\"><\/iframe><\/span><\/div><\/div><div  class=\"lgc-column lgc-grid-parent lgc-grid-50 lgc-tablet-grid-50 lgc-mobile-grid-100 lgc-equal-heights \"><div  class=\"inside-grid-column\"><span style=\"color: #0000ff;\">Optimizar el Lenguaje <iframe loading=\"lazy\" src=\"https:\/\/www.youtube.com\/embed\/-qgIa4W51JI\" width=\"560\" height=\"315\" frameborder=\"0\" allowfullscreen=\"allowfullscreen\"><\/iframe> <\/span> <\/div><\/div>\n<p>&nbsp;<\/p>\n<h4><span style=\"color: #0000ff;\">La respiraci\u00f3n<\/span><\/h4>\n<p style=\"text-align: center;\"><iframe loading=\"lazy\" src=\"https:\/\/www.youtube.com\/embed\/vd328r2qTqU\" width=\"560\" height=\"315\" frameborder=\"0\" allowfullscreen=\"allowfullscreen\"><\/iframe><\/p>\n<p>&nbsp;<\/p>\n<h3 style=\"text-align: center;\"><\/h3>\n","protected":false},"excerpt":{"rendered":"<p>RECUERDEN Cuando seas citado debes presentar lo siguiente: Constancia\u00a0 \u00a0 \u00a0 \u00a0 \u00a0 \u00a02.\u00a0Ficha de Aptitud Fonoaudiol\u00f3gica El Equipo Fonoaudiol\u00f3gico del\u00a0ISFD N\u00b0 36\u00a0realizar\u00e1 a los alumnos de 1er a\u00f1o la Aptitud fonoaudiol\u00f3gica de acuerdo con la evaluaci\u00f3n de las caracter\u00edsticas\u00a0vocales, respiratorias y elocutivas de los alumnos. \u00a0&#8211; Cada alumno deber\u00e1 presentar la ficha para ser &#8230; <a title=\"FONOAUDIOLOG\u00cdA\" class=\"read-more\" href=\"https:\/\/isfd36-bue.infd.edu.ar\/sitio\/fonoaudiologia\/\" aria-label=\"More on FONOAUDIOLOG\u00cdA\">[+]<\/a><\/p>\n","protected":false},"author":1461,"featured_media":0,"parent":0,"menu_order":0,"comment_status":"closed","ping_status":"closed","template":"","meta":[],"acf":[],"_links":{"self":[{"href":"https:\/\/isfd36-bue.infd.edu.ar\/sitio\/wp-json\/wp\/v2\/pages\/1419"}],"collection":[{"href":"https:\/\/isfd36-bue.infd.edu.ar\/sitio\/wp-json\/wp\/v2\/pages"}],"about":[{"href":"https:\/\/isfd36-bue.infd.edu.ar\/sitio\/wp-json\/wp\/v2\/types\/page"}],"author":[{"embeddable":true,"href":"https:\/\/isfd36-bue.infd.edu.ar\/sitio\/wp-json\/wp\/v2\/users\/1461"}],"replies":[{"embeddable":true,"href":"https:\/\/isfd36-bue.infd.edu.ar\/sitio\/wp-json\/wp\/v2\/comments?post=1419"}],"version-history":[{"count":24,"href":"https:\/\/isfd36-bue.infd.edu.ar\/sitio\/wp-json\/wp\/v2\/pages\/1419\/revisions"}],"predecessor-version":[{"id":3041,"href":"https:\/\/isfd36-bue.infd.edu.ar\/sitio\/wp-json\/wp\/v2\/pages\/1419\/revisions\/3041"}],"wp:attachment":[{"href":"https:\/\/isfd36-bue.infd.edu.ar\/sitio\/wp-json\/wp\/v2\/media?parent=1419"}],"curies":[{"name":"wp","href":"https:\/\/api.w.org\/{rel}","templated":true}]}}