{"id":2304,"date":"2019-03-22T16:00:30","date_gmt":"2019-03-22T19:00:30","guid":{"rendered":"https:\/\/isfd36-bue.infd.edu.ar\/sitio\/?page_id=2304"},"modified":"2022-04-18T14:57:11","modified_gmt":"2022-04-18T17:57:11","slug":"solicitud-de-mesa-extraordinaria","status":"publish","type":"page","link":"https:\/\/isfd36-bue.infd.edu.ar\/sitio\/solicitud-de-mesa-extraordinaria\/","title":{"rendered":"Solicitud de Mesa Extraordinaria"},"content":{"rendered":"<h2 style=\"text-align: center;\"><span style=\"color: #ff0000;\"><em><strong>Completa Carrera 2022<br \/><\/strong><\/em><\/span><\/h2>\n<p style=\"text-align: center;\">Para solicitar mesa extraordinaria deber\u00e1 completar el siguiente formulario:<\/p>\n<p style=\"text-align: center;\"><a href=\"https:\/\/forms.gle\/Z74ZhLCnHKMdJZ8U8\">FORMULARIO COMPLETA CARRERA<\/a><\/p>\n<p><strong>Consideraciones a tener en cuenta:<\/strong><\/p>\n<p>\u00a0La fecha, horario, y protocolo de mesa examinadora ser\u00e1 acordada por el docente y luego comunicada al estudiante por correo.<\/p>\n<p>La informaci\u00f3n tambi\u00e9n ser\u00e1 comunicada al preceptor, para preparar el acto administrativo.<\/p>\n<p>Muchas gracias. Equipo Directivo I.S.F.D. N\u00b0 36 de Jos\u00e9 C. Paz<\/p>\n<p>\u00a0<\/p>\n<p style=\"text-align: center;\">\u00a0<\/p>\n<p>\u00a0<\/p>\n<p style=\"text-align: center;\">\u00a0<\/p>\n\n\n<p><\/p>\n","protected":false},"excerpt":{"rendered":"<p>Completa Carrera 2022 Para solicitar mesa extraordinaria deber\u00e1 completar el siguiente formulario: FORMULARIO COMPLETA CARRERA Consideraciones a tener en cuenta: \u00a0La fecha, horario, y protocolo de mesa examinadora ser\u00e1 acordada por el docente y luego comunicada al estudiante por correo. La informaci\u00f3n tambi\u00e9n ser\u00e1 comunicada al preceptor, para preparar el acto administrativo. Muchas gracias. Equipo &#8230; <a title=\"Solicitud de Mesa Extraordinaria\" class=\"read-more\" href=\"https:\/\/isfd36-bue.infd.edu.ar\/sitio\/solicitud-de-mesa-extraordinaria\/\" aria-label=\"More on Solicitud de Mesa Extraordinaria\">[+]<\/a><\/p>\n","protected":false},"author":1463,"featured_media":0,"parent":0,"menu_order":0,"comment_status":"closed","ping_status":"closed","template":"","meta":[],"acf":[],"_links":{"self":[{"href":"https:\/\/isfd36-bue.infd.edu.ar\/sitio\/wp-json\/wp\/v2\/pages\/2304"}],"collection":[{"href":"https:\/\/isfd36-bue.infd.edu.ar\/sitio\/wp-json\/wp\/v2\/pages"}],"about":[{"href":"https:\/\/isfd36-bue.infd.edu.ar\/sitio\/wp-json\/wp\/v2\/types\/page"}],"author":[{"embeddable":true,"href":"https:\/\/isfd36-bue.infd.edu.ar\/sitio\/wp-json\/wp\/v2\/users\/1463"}],"replies":[{"embeddable":true,"href":"https:\/\/isfd36-bue.infd.edu.ar\/sitio\/wp-json\/wp\/v2\/comments?post=2304"}],"version-history":[{"count":3,"href":"https:\/\/isfd36-bue.infd.edu.ar\/sitio\/wp-json\/wp\/v2\/pages\/2304\/revisions"}],"predecessor-version":[{"id":3933,"href":"https:\/\/isfd36-bue.infd.edu.ar\/sitio\/wp-json\/wp\/v2\/pages\/2304\/revisions\/3933"}],"wp:attachment":[{"href":"https:\/\/isfd36-bue.infd.edu.ar\/sitio\/wp-json\/wp\/v2\/media?parent=2304"}],"curies":[{"name":"wp","href":"https:\/\/api.w.org\/{rel}","templated":true}]}}