{"id":2849,"date":"2020-06-16T17:17:00","date_gmt":"2020-06-16T20:17:00","guid":{"rendered":"https:\/\/isfd36-bue.infd.edu.ar\/sitio\/?page_id=2849"},"modified":"2020-06-16T17:21:22","modified_gmt":"2020-06-16T20:21:22","slug":"constancia-de-titulo-en-tramite","status":"publish","type":"page","link":"https:\/\/isfd36-bue.infd.edu.ar\/sitio\/constancia-de-titulo-en-tramite\/","title":{"rendered":"Constancia de T\u00edtulo en Tr\u00e1mite"},"content":{"rendered":"<h4>Los alumnos que han iniciado el tr\u00e1mite correspondiente pueden Imprimir el formulario en Blanco para ser completado por las autoridades del establecimiento. Clic <a href=\"https:\/\/isfd36-bue.infd.edu.ar\/sitio\/wp-content\/uploads\/2020\/06\/CONSTANCIA-titulo-en-tramite-nuevo.pdf\"><span style=\"color: #ff0000;\">AQU\u00cd<\/span><\/a><\/h4>\n<p>&nbsp;<\/p>\n","protected":false},"excerpt":{"rendered":"<p>Los alumnos que han iniciado el tr\u00e1mite correspondiente pueden Imprimir el formulario en Blanco para ser completado por las autoridades del establecimiento. Clic AQU\u00cd &nbsp;<\/p>\n","protected":false},"author":1542,"featured_media":0,"parent":0,"menu_order":0,"comment_status":"closed","ping_status":"closed","template":"","meta":[],"acf":[],"_links":{"self":[{"href":"https:\/\/isfd36-bue.infd.edu.ar\/sitio\/wp-json\/wp\/v2\/pages\/2849"}],"collection":[{"href":"https:\/\/isfd36-bue.infd.edu.ar\/sitio\/wp-json\/wp\/v2\/pages"}],"about":[{"href":"https:\/\/isfd36-bue.infd.edu.ar\/sitio\/wp-json\/wp\/v2\/types\/page"}],"author":[{"embeddable":true,"href":"https:\/\/isfd36-bue.infd.edu.ar\/sitio\/wp-json\/wp\/v2\/users\/1542"}],"replies":[{"embeddable":true,"href":"https:\/\/isfd36-bue.infd.edu.ar\/sitio\/wp-json\/wp\/v2\/comments?post=2849"}],"version-history":[{"count":4,"href":"https:\/\/isfd36-bue.infd.edu.ar\/sitio\/wp-json\/wp\/v2\/pages\/2849\/revisions"}],"predecessor-version":[{"id":2855,"href":"https:\/\/isfd36-bue.infd.edu.ar\/sitio\/wp-json\/wp\/v2\/pages\/2849\/revisions\/2855"}],"wp:attachment":[{"href":"https:\/\/isfd36-bue.infd.edu.ar\/sitio\/wp-json\/wp\/v2\/media?parent=2849"}],"curies":[{"name":"wp","href":"https:\/\/api.w.org\/{rel}","templated":true}]}}