{"id":286,"date":"2016-10-31T13:17:59","date_gmt":"2016-10-31T16:17:59","guid":{"rendered":"https:\/\/isfd36-bue.infd.edu.ar\/sitio\/?page_id=286"},"modified":"2026-04-01T17:52:28","modified_gmt":"2026-04-01T20:52:28","slug":"inicio","status":"publish","type":"page","link":"https:\/\/isfd36-bue.infd.edu.ar\/sitio\/","title":{"rendered":"Inicio"},"content":{"rendered":"<h5 style=\"text-align: center;\"><span style=\"color: #ff0000;\"><a style=\"color: #ff0000;\" href=\"https:\/\/www.facebook.com\/jefatura.distrital.779\"><img decoding=\"async\" loading=\"lazy\" class=\"alignnone  wp-image-3388\" src=\"https:\/\/isfd36-bue.infd.edu.ar\/sitio\/wp-content\/uploads\/2021\/10\/AgonizingElasticBoa-size_restricted.gif\" alt=\"\" width=\"32\" height=\"20\" \/>\u00a0 \u00a0Jefatura Distrital<\/a> &#8211; <a style=\"color: #ff0000;\" href=\"http:\/\/www.sadjosecpaz.com\">SAD Jos\u00e9 C Paz<\/a> &#8211; <a style=\"color: #ff0000;\" href=\"https:\/\/es-la.facebook.com\/people\/Consejo-Escolar-Jos%C3%A9-C-Paz\/100024009413482\/\">Consejo Escolar<\/a> &#8211; <a style=\"color: #ff0000;\" href=\"https:\/\/abc.gob.ar\/\">ABC\u00a0 &#8211; <\/a><\/span><span style=\"color: #ff0000;\"><a style=\"color: #ff0000;\" href=\"https:\/\/www.youtube.com\/channel\/UCCb4nduG53neXXANDPeUvFg\"><strong>Nuestro Canal de YouTube &#8211;\u00a0\u00a0\u00a0<\/strong><\/a><\/span><\/h5>\n<h5 style=\"text-align: center;\"><strong><span style=\"color: #ff0000;\"><a style=\"color: #ff0000;\" href=\"https:\/\/www.facebook.com\/ciiejosecpaz\/?locale=es_LA\">CIIE Jos\u00e9 C. Paz<\/a><\/span><\/strong><\/h5>\n<hr \/>\n<h2 style=\"text-align: center;\"><span style=\"color: #ff0000;\">HORARIOS DE CURSADA &#8211; Ciclo 2026<\/span><\/h2>\n<h3 style=\"text-align: center;\"><span style=\"color: #000000;\">Pod\u00e9s descargar los horarios de cursada <\/span>\u00a0<span style=\"color: #ff0000;\"><a style=\"color: #ff0000;\" href=\"https:\/\/docs.google.com\/spreadsheets\/d\/199FsEXBJMnGvT5E5-pMvf-ihG0nA7X5A\/edit?gid=795537306#gid=795537306\">AQU\u00cd<\/a><\/span><span style=\"color: #000080;\">\u00a0<\/span><\/h3>\n<hr \/>\n<h2 style=\"text-align: center;\"><span style=\"color: #ff0000;\">Atenci\u00f3n\u00a0 &#8211; Nueva Resoluci\u00f3n <\/span><\/h2>\n<h3 style=\"text-align: center;\"><span style=\"color: #ff0000;\"> Pruebas de selecci\u00f3n por evaluaci\u00f3n de t\u00edtulos, antecedentes y oposici\u00f3n para la cobertura de cargos del Nivel Superior<\/span><\/h3>\n<h3 style=\"text-align: center;\"><a href=\"https:\/\/isfd36-bue.infd.edu.ar\/sitio\/wp-content\/uploads\/2026\/02\/RESOC-2025-6179-GDEBA-DGCYE-1.pdf\"><img decoding=\"async\" loading=\"lazy\" class=\"\" src=\"https:\/\/isfd36-bue.infd.edu.ar\/sitio\/wp-content\/uploads\/2021\/10\/AgonizingElasticBoa-size_restricted.gif\" width=\"33\" height=\"21\" \/><span style=\"color: #3366ff;\">Descargar aqu\u00ed<\/span><\/a><\/h3>\n<h3 style=\"text-align: center;\"><a href=\"https:\/\/isfd36-bue.infd.edu.ar\/sitio\/wp-content\/uploads\/2026\/02\/RESOC-2025-6179-GDEBA-DGCYE-1.pdf\"><img decoding=\"async\" loading=\"lazy\" class=\"\" src=\"https:\/\/isfd36-bue.infd.edu.ar\/sitio\/wp-content\/uploads\/2021\/10\/AgonizingElasticBoa-size_restricted.gif\" width=\"33\" height=\"21\" \/><\/a><a href=\"https:\/\/drive.google.com\/drive\/folders\/1Tcw10tleL4uLfritnUQmMGQ6MdbythhZ?usp=sharing.\">Formularios editables<\/a><\/h3>\n<h2 style=\"text-align: center;\"><span style=\"color: #ff0000;\">Segunda Convocatoria 2026<\/span><\/h2>\n<h3 style=\"text-align: center;\"><a href=\"https:\/\/isfd36-bue.infd.edu.ar\/sitio\/wp-content\/uploads\/2026\/04\/CONCURSOS-2da-convocatoria-2026.pdf\">Visualizar aqu\u00ed<\/a><\/h3>\n<hr \/>\n<h2 style=\"text-align: center;\"><strong><span style=\"color: #ff0000;\">Atenci\u00f3n Estudiantes!! &#8211; Enlaces para clases virtuales<\/span><\/strong><\/h2>\n<h3 style=\"text-align: center;\"><strong>Clic <a href=\"https:\/\/docs.google.com\/document\/d\/1wXVcTAo8wOJG-8-3GxAKBOJnkBZmsvaSxapMzvf9d3I\/edit?usp=sharing\"><span style=\"color: #0000ff;\">AQU\u00cd<\/span><\/a> para ingresar al listado de c\u00e1tedras y docentes<\/strong><\/h3>\n<hr \/>\n<h3 style=\"text-align: center;\"><span style=\"color: #ff0000;\">Agenda Anual Institucional 2026<\/span><\/h3>\n<h3 style=\"text-align: center;\"><a href=\"https:\/\/isfd36-bue.infd.edu.ar\/sitio\/mesas-de-examen-turno-febrero-2026\/\"><img decoding=\"async\" loading=\"lazy\" class=\"\" src=\"https:\/\/isfd36-bue.infd.edu.ar\/sitio\/wp-content\/uploads\/2021\/10\/AgonizingElasticBoa-size_restricted.gif\" width=\"37\" height=\"23\" \/><\/a><a href=\"https:\/\/docs.google.com\/document\/d\/16wyvUMnG07d7O8sCELac_QQvB195vZFflSsN54Q9MxY\/edit?tab=t.0\">Visualizar aqu\u00ed<\/a><\/h3>\n<hr \/>\n<h2 style=\"text-align: center;\"><span style=\"color: #ff0000;\">Inscripci\u00f3n a espacios 2026<\/span><\/h2>\n<h3 style=\"text-align: center;\"><a href=\"https:\/\/isfd36-bue.infd.edu.ar\/sitio\/reinscripciones\/\">Visualizar aqu\u00ed<\/a><\/h3>\n<hr \/>\n<h2 style=\"text-align: center;\"><span style=\"color: #ff0000;\">Solicitud de Vacantes 2026 &#8211; 2do a\u00f1o a 4to a\u00f1o<\/span><\/h2>\n<h3 style=\"text-align: center;\">Leer atentamente la p\u00e1gina y completar el formulario para solicitar vacante en nuestra instituci\u00f3n.<\/h3>\n<h3 style=\"text-align: center;\"><a href=\"https:\/\/isfd36-bue.infd.edu.ar\/sitio\/pases-solicitar-vacante\/\"><img decoding=\"async\" loading=\"lazy\" class=\"\" src=\"https:\/\/isfd36-bue.infd.edu.ar\/sitio\/wp-content\/uploads\/2021\/10\/AgonizingElasticBoa-size_restricted.gif\" width=\"37\" height=\"23\" \/>Visualizar la p\u00e1gina aqu\u00ed<\/a><\/h3>\n<hr \/>\n<h2 style=\"text-align: center;\"><span style=\"color: #ff0000;\">INSCRIPCIONES INGRESANTES 2026\u00a0\u00a0<\/span><\/h2>\n<h3 style=\"text-align: center;\">Leer atentamente los requisitos para confirmar tu solicitud.<\/h3>\n<h3 style=\"text-align: center;\"><a href=\"https:\/\/isfd36-bue.infd.edu.ar\/sitio\/pre-inscripciones-2026\/\"><img decoding=\"async\" loading=\"lazy\" class=\"\" src=\"https:\/\/isfd36-bue.infd.edu.ar\/sitio\/wp-content\/uploads\/2021\/10\/AgonizingElasticBoa-size_restricted.gif\" width=\"37\" height=\"23\" \/>Cronograma de Inscripci\u00f3n 2026<\/a><\/h3>\n<hr \/>\n<h2 style=\"text-align: center;\"><span style=\"color: #ff0000;\">Atenci\u00f3n NUEVO &#8211; AIC<\/span><\/h2>\n<h3 style=\"text-align: center;\"><span style=\"color: #000080;\"><a style=\"color: #000080;\" href=\"https:\/\/isfd36-bue.infd.edu.ar\/sitio\/wp-content\/uploads\/2025\/10\/Acuerdo-Institucional-de-Convivencia-ISFD-36.pdf\">Acuerdo Institucional de Convivencia<\/a><\/span><a style=\"color: #ff0000;\" href=\"https:\/\/www.facebook.com\/jefatura.distrital.779\"><br \/><\/a><\/h3>\n<hr \/>\n<h2 style=\"text-align: center;\"><span style=\"color: #ff0000;\">Atenci\u00f3n NUEVO &#8211; R\u00e9gimen Acad\u00e9mico 2025<\/span><\/h2>\n<h4 style=\"text-align: center;\">Espacios con promoci\u00f3n directa y con examen final de todas las carreras<\/h4>\n<h4 style=\"text-align: center;\">Descargar\u00a0<a href=\"https:\/\/isfd36-bue.infd.edu.ar\/sitio\/wp-content\/uploads\/2025\/02\/Espacios-con-examen-final-y-con-promocion-directa.pdf\">AQU\u00cd<\/a><\/h4>\n<p style=\"text-align: center;\"><strong>Normativa Descargar<\/strong> <strong><a href=\"https:\/\/isfd36-bue.infd.edu.ar\/sitio\/wp-content\/uploads\/2025\/03\/IF-2024-38567372-GDEBA-SDIFDIDGCYE.pdf\">AQU\u00cd<\/a><\/strong><\/p>\n<hr \/>\n<h2 style=\"text-align: center;\"><span style=\"color: #000080;\"><span style=\"color: #ff0000;\">Atenci\u00f3n<\/span> <span style=\"color: #ff0000;\">&#8211; R\u00e9gimen de correlatividades de todas las carreras<\/span><\/span><\/h2>\n<p style=\"text-align: center;\"><strong>Descargar<\/strong> <strong><a href=\"https:\/\/drive.google.com\/drive\/folders\/1Qoe0Y8kexk-GfH8FSaDcqXIKsQQkmAZl?usp=drive_link\">AQU\u00cd<\/a><\/strong><\/p>\n<h3 style=\"text-align: center;\">\u00a0<\/h3>\n<h2 style=\"text-align: center;\"><span style=\"color: #333399;\"><strong>CIPES<\/strong><\/span><\/h2>\n<h5 style=\"text-align: center;\"><strong>Para informaci\u00f3n Clic <a href=\"https:\/\/view.genial.ly\/649a07aa7ae6960010ce6b0a\/interactive-content-quiz-basico\"><span style=\"color: #ff0000;\">AQU\u00cd<\/span><\/a><\/strong><\/h5>\n<h3 style=\"text-align: center;\"><img decoding=\"async\" loading=\"lazy\" class=\"aligncenter  wp-image-4438\" src=\"https:\/\/isfd36-bue.infd.edu.ar\/sitio\/wp-content\/uploads\/2023\/06\/a2668374-d33e-4a4c-9970-68871ddb74f2.jpg\" alt=\"\" width=\"185\" height=\"185\" \/><\/h3>\n<hr \/>\n<h2 style=\"text-align: center;\"><strong><span style=\"color: #0000ff;\">Informaci\u00f3n para Equipos Docentes<\/span><\/strong><\/h2>\n<h3 style=\"text-align: center;\"><strong><span style=\"color: #0000ff;\">Sarampi\u00f3n 2025<\/span><\/strong><\/h3>\n<h4 style=\"text-align: center;\"><strong>\u00a0Para descargar el documento<\/strong> <a href=\"https:\/\/isfd36-bue.infd.edu.ar\/sitio\/wp-content\/uploads\/2025\/05\/INFORME-CONTIGENCIA-SARAMPION-2025-para-educacion-1.pdf\">AQU\u00cd<\/a><\/h4>\n<h3 style=\"text-align: center;\">\u00a0<\/h3>\n<p><a href=\"https:\/\/abc.gob.ar\/\">P\u00e1gina de ABC<\/a>\u00a0<\/p>\n","protected":false},"excerpt":{"rendered":"<p>\u00a0 \u00a0Jefatura Distrital &#8211; SAD Jos\u00e9 C Paz &#8211; Consejo Escolar &#8211; ABC\u00a0 &#8211; Nuestro Canal de YouTube &#8211;\u00a0\u00a0\u00a0 CIIE Jos\u00e9 C. Paz HORARIOS DE CURSADA &#8211; Ciclo 2026 Pod\u00e9s descargar los horarios de cursada \u00a0AQU\u00cd\u00a0 Atenci\u00f3n\u00a0 &#8211; Nueva Resoluci\u00f3n Pruebas de selecci\u00f3n por evaluaci\u00f3n de t\u00edtulos, antecedentes y oposici\u00f3n para la cobertura de cargos &#8230; <a title=\"Inicio\" class=\"read-more\" href=\"https:\/\/isfd36-bue.infd.edu.ar\/sitio\/\" aria-label=\"More on Inicio\">[+]<\/a><\/p>\n","protected":false},"author":1,"featured_media":0,"parent":0,"menu_order":0,"comment_status":"closed","ping_status":"closed","template":"","meta":[],"acf":[],"_links":{"self":[{"href":"https:\/\/isfd36-bue.infd.edu.ar\/sitio\/wp-json\/wp\/v2\/pages\/286"}],"collection":[{"href":"https:\/\/isfd36-bue.infd.edu.ar\/sitio\/wp-json\/wp\/v2\/pages"}],"about":[{"href":"https:\/\/isfd36-bue.infd.edu.ar\/sitio\/wp-json\/wp\/v2\/types\/page"}],"author":[{"embeddable":true,"href":"https:\/\/isfd36-bue.infd.edu.ar\/sitio\/wp-json\/wp\/v2\/users\/1"}],"replies":[{"embeddable":true,"href":"https:\/\/isfd36-bue.infd.edu.ar\/sitio\/wp-json\/wp\/v2\/comments?post=286"}],"version-history":[{"count":1474,"href":"https:\/\/isfd36-bue.infd.edu.ar\/sitio\/wp-json\/wp\/v2\/pages\/286\/revisions"}],"predecessor-version":[{"id":6206,"href":"https:\/\/isfd36-bue.infd.edu.ar\/sitio\/wp-json\/wp\/v2\/pages\/286\/revisions\/6206"}],"wp:attachment":[{"href":"https:\/\/isfd36-bue.infd.edu.ar\/sitio\/wp-json\/wp\/v2\/media?parent=286"}],"curies":[{"name":"wp","href":"https:\/\/api.w.org\/{rel}","templated":true}]}}