{"id":3151,"date":"2021-04-19T13:21:18","date_gmt":"2021-04-19T16:21:18","guid":{"rendered":"https:\/\/isfd36-bue.infd.edu.ar\/sitio\/?page_id=3151"},"modified":"2026-03-18T19:57:37","modified_gmt":"2026-03-18T22:57:37","slug":"reinscripciones","status":"publish","type":"page","link":"https:\/\/isfd36-bue.infd.edu.ar\/sitio\/reinscripciones\/","title":{"rendered":"Inscripci\u00f3n a Espacios 2026"},"content":{"rendered":"\n<h1 class=\"wp-block-heading\"><strong><span style=\"color: #ff0000;\">Importante<\/span><\/strong><\/h1>\n\n\n\n<p><span style=\"color: #000000;\"><strong>Estudiantes de 2do a 4to a\u00f1o deben realizar el siguiente tr\u00e1mite de manera personal.<\/strong><\/span><\/p>\n\n\n\n<h4 class=\"wp-block-heading\"><span style=\"color: #ff0000;\"><strong>LEER ATENTAMENTE!!!<\/strong><\/span><\/h4>\n\n\n\n<p><span style=\"color: #000000;\"><strong>Tener en cuenta los siguientes aspectos ANTES de completar el formulario:<\/strong><\/span><\/p>\n\n\n\n<ul class=\"has-text-color\" style=\"color:#212121fc\">\n<li><span style=\"color: #000000;\"><strong>Deben CONOCER el R\u00e9gimen de Correlatividades de la Carrera que se encuentran Cursando.<\/strong><\/span><\/li>\n\n\n\n<li><span style=\"color: #000000;\"><strong>NO pueden anotarse en Espacios diferentes que se dicten en el mismo d\u00eda y horario.<\/strong><\/span> (Espacios superpuestos en el mismo d\u00eda y horario)<\/li>\n\n\n\n<li><span style=\"color: #000000;\"><strong>Lxs estudiantes del Profesorado de Educaci\u00f3n Primaria deben RESPETAR LA COMISI\u00d3N en la que cursaron inicialmente ya sea A o B.<\/strong><\/span><\/li>\n\n\n\n<li><mark style=\"background-color:rgba(0, 0, 0, 0)\" class=\"has-inline-color has-contrast-color\"><strong>El Equipo Directivo analizar\u00e1 las situaciones particulares de acuerdo a los cambios implementados en el R\u00e9gimen de Correlatividades de las Carreras: Profesorados de Lengua y Literatura, Educaci\u00f3n Primaria y Educaci\u00f3n Inicial. Tambi\u00e9n se revisar\u00e1n las situaciones particulares que surjan con los cambios de dise\u00f1os curriculares de las diferentes carreras.<\/strong><\/mark><\/li>\n\n\n\n<li><strong><mark style=\"background-color:rgba(0, 0, 0, 0)\" class=\"has-inline-color has-contrast-color\">Deber\u00e1n completar la documentaci\u00f3n faltante en su legajo. Dicha consulta deber\u00e1n realizarla al preceptor o preceptora a cargo de la carrera<\/mark><\/strong>.<\/li>\n<\/ul>\n\n\n\n<p><strong>Es importante respetar el cronograma planteado para una mejor organizaci\u00f3n<\/strong><\/p>\n\n\n\n<p>&#8211;<strong>Martes 10\/3 &#8211; 2 a\u00f1o<br>-Mi\u00e9rcoles 11\/3 &#8211; 3 a\u00f1o<\/strong><br>&#8211;<strong>Jueves 12\/3 &#8211; 4\u00b0 a\u00f1o<\/strong><\/p>\n\n\n\n<p><br><strong><em>Aclaraci\u00f3n importante<\/em>!!<\/strong><br><strong>Mientras tanto pueden asistir a clases en los espacios que se encuentran en condiciones.<br><\/strong><\/p>\n\n\n\n<h4 class=\"wp-block-heading has-text-color\" style=\"color:#fa0425\"><strong>Documentaci\u00f3n a Presentar<\/strong><\/h4>\n\n\n\n<ul>\n<li><strong>Formulario completo, impreso y firmado. Marcar todos los Espacios que desee cursar en forma regular durante el 2026. Imprimir el formulario en forma legible y tama\u00f1o adecuado a una hoja A4. Presentarlo FIRMADO.<\/strong><\/li>\n\n\n\n<li><strong>Imprimir de la P\u00e1gina del Instituto los \u00abEspacios Acreditados\u00bb. Controlar los espacios que tienen Acreditados a la fecha. Completar con \u00abADEUDA FINAL\u00bb en los Espacios que ha cursado y regularizado en a\u00f1os anteriores pero falta Acreditar. Completar con \u00abNO CURSA 2026\u00bb en aquellos Espacios que por horario o por correlativa NO cursar\u00e1n en este 2026. Firmar el documento.<\/strong><\/li>\n\n\n\n<li><strong>Firmar el Acta donde toman conocimiento del Acuerdo Institucional de Convivencia.<\/strong><\/li>\n\n\n\n<li><strong>Colaborar en lo posible con la ASOCIACI\u00d3N CCOPERADORA. Cuota anual $<\/strong> 30.000   <\/li>\n<\/ul>\n\n\n\n<p><strong><em>Horario de atenci\u00f3n de 18.30 horas a 21.00 horas<\/em><\/strong><\/p>\n\n\n\n<p><em><strong>Ante cualquier inquietud o consulta, dejamos los correos electr\u00f3nicos de las diferentes preceptor\u00edas<\/strong><\/em> <strong>para que puedan escribir y realizar los avisos pertinentes.<\/strong><\/p>\n\n\n\n<h5 class=\"wp-block-heading\">(Profesorado de Educaci\u00f3n Inicial) &#8211; <span style=\"color: #000080;\">preceptoria.isfd36.inicial@gmail.com<\/span> <\/h5>\n\n\n\n<h5 class=\"wp-block-heading\">(Profesorado de Educaci\u00f3n Primaria) &#8211; <span style=\"color: #000080;\">preceptoria.isfd36.primaria@gmail.com<\/span>  <\/h5>\n\n\n\n<h5 class=\"wp-block-heading\">(Profesorado de Tecnolog\u00eda) &#8211; <span style=\"color: #000080;\">preceptoria.isfd36.tecno@gmail.com<\/span> <\/h5>\n\n\n\n<h5 class=\"wp-block-heading\">(Profesorado de Biolog\u00eda) &#8211; <span style=\"color: #000080;\">preceptoria.isfd36.bio@gmail.com<\/span> <\/h5>\n\n\n\n<h5 class=\"wp-block-heading\">(Profesorado de Qu\u00edmica) &#8211; <span style=\"color: #000080;\">preceptoria.isfd36.quim@gmail.com<\/span> <\/h5>\n\n\n\n<h5 class=\"wp-block-heading\">(Profesorado de Lengua y Literatura) &#8211; <span style=\"color: #000080;\">preceptoria.isfd36.lengua@gmail.com<\/span> <\/h5>\n\n\n\n<p><\/p>\n\n\n\n<h3 class=\"wp-block-heading has-text-align-center\"><strong><span style=\"color: #ff0000;\">El enlace de inscripci\u00f3n a espacios permanecer\u00e1 abierto hasta el 31\/03\/2026<\/span><\/strong><\/h3>\n\n\n\n<h3 class=\"wp-block-heading has-text-align-center\"><a href=\"https:\/\/micarpeta.profehugoadrian.com\/Reinscripcion2026\/MenuRe.html\">Hacer clic aqu\u00ed para inscripci\u00f3n<\/a><\/h3>\n\n\n\n<h3 class=\"wp-block-heading has-text-align-center\"><strong><span style=\"color: #ff0000;\">&nbsp;<\/span><\/strong>Descargar el Acta de AIC <a href=\"https:\/\/isfd36-bue.infd.edu.ar\/sitio\/wp-content\/uploads\/2025\/03\/Acta-de-notificacion-AIC.pdf\">AQU\u00cd<\/a><\/h3>\n","protected":false},"excerpt":{"rendered":"<p>Importante Estudiantes de 2do a 4to a\u00f1o deben realizar el siguiente tr\u00e1mite de manera personal. LEER ATENTAMENTE!!! Tener en cuenta los siguientes aspectos ANTES de completar el formulario: Es importante respetar el cronograma planteado para una mejor organizaci\u00f3n &#8211;Martes 10\/3 &#8211; 2 a\u00f1o-Mi\u00e9rcoles 11\/3 &#8211; 3 a\u00f1o&#8211;Jueves 12\/3 &#8211; 4\u00b0 a\u00f1o Aclaraci\u00f3n importante!!Mientras tanto pueden &#8230; <a title=\"Inscripci\u00f3n a Espacios 2026\" class=\"read-more\" href=\"https:\/\/isfd36-bue.infd.edu.ar\/sitio\/reinscripciones\/\" aria-label=\"More on Inscripci\u00f3n a Espacios 2026\">[+]<\/a><\/p>\n","protected":false},"author":1542,"featured_media":0,"parent":0,"menu_order":0,"comment_status":"closed","ping_status":"closed","template":"","meta":[],"acf":[],"_links":{"self":[{"href":"https:\/\/isfd36-bue.infd.edu.ar\/sitio\/wp-json\/wp\/v2\/pages\/3151"}],"collection":[{"href":"https:\/\/isfd36-bue.infd.edu.ar\/sitio\/wp-json\/wp\/v2\/pages"}],"about":[{"href":"https:\/\/isfd36-bue.infd.edu.ar\/sitio\/wp-json\/wp\/v2\/types\/page"}],"author":[{"embeddable":true,"href":"https:\/\/isfd36-bue.infd.edu.ar\/sitio\/wp-json\/wp\/v2\/users\/1542"}],"replies":[{"embeddable":true,"href":"https:\/\/isfd36-bue.infd.edu.ar\/sitio\/wp-json\/wp\/v2\/comments?post=3151"}],"version-history":[{"count":46,"href":"https:\/\/isfd36-bue.infd.edu.ar\/sitio\/wp-json\/wp\/v2\/pages\/3151\/revisions"}],"predecessor-version":[{"id":6131,"href":"https:\/\/isfd36-bue.infd.edu.ar\/sitio\/wp-json\/wp\/v2\/pages\/3151\/revisions\/6131"}],"wp:attachment":[{"href":"https:\/\/isfd36-bue.infd.edu.ar\/sitio\/wp-json\/wp\/v2\/media?parent=3151"}],"curies":[{"name":"wp","href":"https:\/\/api.w.org\/{rel}","templated":true}]}}