{"id":6150,"date":"2026-03-22T11:11:48","date_gmt":"2026-03-22T14:11:48","guid":{"rendered":"https:\/\/isfd36-bue.infd.edu.ar\/sitio\/?page_id=6150"},"modified":"2026-03-22T11:31:34","modified_gmt":"2026-03-22T14:31:34","slug":"profesorado-de-educacion-inicial-2","status":"publish","type":"page","link":"https:\/\/isfd36-bue.infd.edu.ar\/sitio\/profesorado-de-educacion-inicial-2\/","title":{"rendered":"Propuesta Profesorado de Educaci\u00f3n Inicial"},"content":{"rendered":"\n<p><\/p>\n\n\n\n<figure class=\"wp-block-table is-style-stripes\"><table><tbody><tr><td>\u00abTejiendo Infancias\u00bb. Esta actividad fue realizada por docentes de 4to. a\u00f1o<br>junto a sus estudiantes en el marco de TAIN &#8211; A\u00f1o 2025<\/td><td><a href=\"https:\/\/heyzine.com\/flip-book\/78573997e5.html\">Revista Digital 2025 &#8211; Profesorado de Educaci\u00f3n Inicial<\/a><\/td><\/tr><tr><td><\/td><td><\/td><\/tr><\/tbody><\/table><\/figure>\n","protected":false},"excerpt":{"rendered":"<p>\u00abTejiendo Infancias\u00bb. Esta actividad fue realizada por docentes de 4to. a\u00f1ojunto a sus estudiantes en el marco de TAIN &#8211; A\u00f1o 2025 Revista Digital 2025 &#8211; Profesorado de Educaci\u00f3n Inicial<\/p>\n","protected":false},"author":3345,"featured_media":0,"parent":0,"menu_order":0,"comment_status":"closed","ping_status":"closed","template":"","meta":[],"acf":[],"_links":{"self":[{"href":"https:\/\/isfd36-bue.infd.edu.ar\/sitio\/wp-json\/wp\/v2\/pages\/6150"}],"collection":[{"href":"https:\/\/isfd36-bue.infd.edu.ar\/sitio\/wp-json\/wp\/v2\/pages"}],"about":[{"href":"https:\/\/isfd36-bue.infd.edu.ar\/sitio\/wp-json\/wp\/v2\/types\/page"}],"author":[{"embeddable":true,"href":"https:\/\/isfd36-bue.infd.edu.ar\/sitio\/wp-json\/wp\/v2\/users\/3345"}],"replies":[{"embeddable":true,"href":"https:\/\/isfd36-bue.infd.edu.ar\/sitio\/wp-json\/wp\/v2\/comments?post=6150"}],"version-history":[{"count":3,"href":"https:\/\/isfd36-bue.infd.edu.ar\/sitio\/wp-json\/wp\/v2\/pages\/6150\/revisions"}],"predecessor-version":[{"id":6160,"href":"https:\/\/isfd36-bue.infd.edu.ar\/sitio\/wp-json\/wp\/v2\/pages\/6150\/revisions\/6160"}],"wp:attachment":[{"href":"https:\/\/isfd36-bue.infd.edu.ar\/sitio\/wp-json\/wp\/v2\/media?parent=6150"}],"curies":[{"name":"wp","href":"https:\/\/api.w.org\/{rel}","templated":true}]}}